2)/10)/(r/35). What is the greatest common divisor of 8 and s?
8
Let u(v) = v**3 + 7*v**2 + v + 2. Let g be u(-6). Let s = 6 - 3. Suppose -s*f - a + 27 = 0, -5*a - 9 = -2*f - f. Calculate the highest common factor of f and g.
8
Let l be (-4 + 3)/(4/(-56)). What is the greatest common factor of l and 35?
7
Let d = 32 + -28. Calculate the highest common factor of 10 and d.
2
Suppose 5*a + 0*n + 4*n - 228 = 0, 186 = 4*a + 5*n. Let m(j) = -j**2 - 10*j - 5. Let t = 8 - 16. Let o be m(t). What is the greatest common divisor of o and a?
11
Let y = 9 + -82. Let x = y + 148. Calculate the greatest common factor of 30 and x.
15
Let a = 121 + -71. What is the greatest common divisor of 125 and a?
25
Let y = -174 - -306. What is the highest common divisor of 12 and y?
12
Let m = 0 + 16. Suppose 26 = 5*a - 3*a. Suppose a = 3*g + 1. What is the greatest common factor of g and m?
4
Let f be 553/7 + (-6)/(-2). What is the highest common factor of 41 and f?
41
Let h(w) = 2*w**2 - 7*w - 10. Let y be h(6). What is the highest common factor of 220 and y?
20
Suppose 0 = -3*f - 0*f. Suppose -c + 47 + 13 = f. What is the greatest common factor of 12 and c?
12
Suppose -7 - 41 = -4*g. Suppose 0*j + 4*j = 0. Let h be ((-17)/(-1) - -1) + j. What is the highest common factor of h and g?
6
Let i(t) = -t - 5. Let z be i(4). Let m be (1 + -3)/(z/36). What is the highest common divisor of m and 8?
8
Let t be 12/(-10)*-45 + 0. Let o be 2/5 - (-84)/15. What is the highest common divisor of t and o?
6
Let p(a) = -a**3 + 6*a**2 + 3*a + 4. Let j be p(4). Let i(r) = r**3 - 17*r**2 + 31*r - 3. Let x be i(15). What is the highest common divisor of x and j?
12
Let l(m) = -m**3 - 7*m**2 - 6*m - 1. Let r = -13 - -7. Let b be l(r). Let f = 3 - b. What is the highest common divisor of f and 32?
4
Let f be (-2)/(-3) + (-875)/(-15). Let q be (-3)/(-3) + 4*-6. Let x = q + f. What is the highest common divisor of 6 and x?
6
Let c(f) = -f**2 + 7*f - 2. Let d be c(7). Let y be -3*((-24)/(-9) - d). Let m be (24/y)/(4/(-126)). What is the greatest common factor of 18 and m?
18
Let s be 23/(-4)*(12 - 16). Calculate the highest common factor of 46 and s.
23
Let w = -227 - -328. Let s = 9 + -6. Suppose -s*y + 49 = -w. What is the highest common divisor of 20 and y?
10
Suppose -26*o + 8 = -24*o. Calculate the highest common factor of 16 and o.
4
Let g be (-16)/(-16) + 0 + 22. Calculate the highest common factor of 207 and g.
23
Let k(l) = -l**3 - 10*l**2 - 9*l + 3. Let f be k(-9). What is the greatest common factor of f and 33?
3
Suppose -u = 4, -t + 5*t = u + 12. Suppose 61 = -k + 62. What is the greatest common factor of t and k?
1
Let t be -1 + 5 - 51/(-17). Suppose 3*n = n + 2. Let y = 8 - n. Calculate the greatest common divisor of y and t.
7
Suppose 3*f - m + 31 = 0, -3*f + 4*m - 14 = -2*f. Let j be ((-8)/f)/(2/70). What is the highest common divisor of 4 and j?
4
Let q = 9 + -5. Let c be q + -1 - (-436)/4. Calculate the highest common factor of c and 14.
14
Suppose -m = -5*m + 44. Let z = 25 - 14. Calculate the greatest common factor of z and m.
11
Suppose -17*q = -26*q + 117. Let x = 7 - -90. Suppose 2*y - x = 163. What is the highest common divisor of y and q?
13
Suppose -2*a + 2*l + 6 = 6*l, 5*a - 6 = -l. Let u be a*(145 - (-8)/(-4)). What is the highest common factor of u and 13?
13
Let h = -1 - -5. Let l(j) = 12*j**2 - h*j + 3*j + j**2. Let o be l(-1). What is the greatest common divisor of o and 2?
2
Let d = 3 - 3. Suppose 4*r = -8, d*r = 4*b + 2*r - 8. Suppose 2*g + 4*a - 52 = 0, 50 = 2*g + b*a - 1. Calculate the greatest common factor of 12 and g.
12
Let x(g) = 6*g - 2. Let i be x(4). Suppose 5*n - i = -2. What is the greatest common divisor of n and 32?
4
Suppose 4*b - 1 = -13. Let k = b + 8. Calculate the highest common divisor of k and 40.
5
Suppose 380 = d + 3*d. Calculate the highest common factor of 19 and d.
19
Suppose 2*f = 6*f + 4*v - 132, -4*f + 117 = v. Calculate the highest common factor of f and 140.
28
Suppose -5*q - 3*v + 64 = 0, -3*v = -4*q + 9 + 53. Calculate the greatest common divisor of 7 and q.
7
Let j = 15 + 205. Calculate the highest common divisor of 20 and j.
20
Let v be -10*3/((-15)/2). Suppose -9 = -v*f - 2*x + 13, -f + 18 = 3*x. Suppose 0 = 8*d - f*d - 10. Calculate the greatest common divisor of 18 and d.
2
Suppose 4*s - 114 - 78 = 0. Calculate the greatest common divisor of 48 and s.
48
Let k(j) = -j + 77. Let f be k(29). Calculate the greatest common divisor of 3 and f.
3
Let d(s) = -3 + 3*s**2 + 6*s**2 - s**3 - 2*s**2 + 2*s + 0*s**2. Let z be d(6). Calculate the greatest common divisor of 30 and z.
15
Let g be (-6)/(-21) + (-74)/14. Let v(y) = y**2 + 6*y + 6. Let b be v(g). Let z be (5/(-4))/(4/(-16)). Calculate the highest common factor of z and b.
1
Let i be 175/15 - 12/(-9). What is the greatest common divisor of 52 and i?
13
Let r(w) = -2*w - 18. Let h be r(-12). Let c(m) = m**3 + 4*m**2 - 5*m + 6. Let b be c(-5). Calculate the highest common factor of h and b.
6
Let q = 39 - 28. Let s = q - 2. Let l(j) = -j**3 - j + 9. Let m be l(0). What is the highest common factor of m and s?
9
Let z be (200 + 3)*(0 + (2 - 1)). Calculate the highest common divisor of z and 29.
29
Let f = 57 + -41. Suppose -5*d + f - 1 = -b, d + 4*b = -18. Let g be (-5)/d*36/(-10). Calculate the greatest common factor of g and 3.
3
Let w be (-2)/(-7) + (-99)/(-21). What is the highest common divisor of w and 5?
5
Let o(g) = 4*g - 1. Let s be 1*(-1 + 5)/4. Let j be o(s). What is the greatest common factor of 6 and j?
3
Let v = -87 - -144. Suppose -v = -3*c - 12. Let y be ((-8)/10)/((-3)/c). What is the greatest common factor of y and 10?
2
Suppose -5*w + 13 = -i, i + 3 = 4*w - 7. Suppose -5*q - d = -230, -31 - 9 = -q + d. Suppose -c = i*c - q. What is the highest common factor of 5 and c?
5
Let z(h) be the second derivative of -h**3/6 - 5*h**2/2 - 4*h. Let u be z(-5). Suppose -3*c + 26 - 8 = u. Calculate the greatest common factor of 3 and c.
3
Suppose f - 4*f + 999 = 0. What is the greatest common divisor of f and 37?
37
Suppose 3*q + 16 = -q. Let j be q/(-18) + 223/9. What is the highest common factor of j and 225?
25
Let c(f) = -f + 9. Let q be c(3). Calculate the highest common factor of 2 and q.
2
Let w = 46 - 25. Suppose m + 0*m - 649 = 0. Suppose -5*y - 229 = -m. What is the greatest common divisor of w and y?
21
Suppose 4*q + 21 = -0*l + 3*l, 9 = 5*l + 2*q. Let z be 12 - (l + 0/2). What is the greatest common factor of 36 and z?
9
Suppose -y - 47 = -3*f, 0 - 22 = -3*f - 4*y. Let v = f - -32. Calculate the greatest common factor of 23 and v.
23
Let i(q) be the second derivative of 7*q**4/12 - q**3/3 + q**2/2 - 2*q. Let c be i(1). What is the highest common divisor of 6 and c?
6
Suppose -4*g + 168 = 5*p, -4*g + 3*p = 4*p - 152. Let d = -22 + g. Calculate the highest common factor of 15 and d.
15
Let w be 25/(-3 - (-26)/8). Calculate the greatest common divisor of w and 4.
4
Let p = -205 + 585. What is the greatest common factor of p and 20?
20
Let p be 16 - ((-198)/126 + (-6)/14). What is the highest common factor of 27 and p?
9
Let y(n) = -56*n**3 - n**2 - 2*n - 1. Let w be y(-1). Suppose 0 = -4*x - 7*s + 2*s + w, -2*s = x - 17. Calculate the greatest common divisor of x and 63.
9
Let q = 187 - 118. Calculate the greatest common factor of 23 and q.
23
Let l = 154 + -120. Calculate the greatest common factor of 170 and l.
34
Suppose -21*u + 7*u = -896. What is the highest common factor of u and 16?
16
Suppose 4*x + 20 = 0, -4*g + 3*x - 4*x = 37. Let y be 42/4 + 4/g. Suppose 0*k + 4*k = 16. What is the highest common divisor of k and y?
2
Let i(r) = r**2 - 2*r - 1. Let m = 1 - 4. Let l be i(m). Let a be l/1 + 2/(-1). What is the highest common divisor of 4 and a?
4
Suppose 2*o = -4*h + 58, 3*h - 10 = 2*h - 2*o. Let z = -8 + h. Let w = -4 + z. Calculate the highest common divisor of 4 and w.
4
Let y be (2 + 6 - -2) + 1. Let j(a) = -a**3 - a**2 - a + 24. Let q be j(0). Let k be 132*-2*(-9)/q. What is the greatest common divisor of y and k?
11
Suppose -b = -2*c + 70, 0 = 4*c - 0*b - 5*b - 140. Calculate the greatest common factor of 5 and c.
5
Suppose 0*h = 2*h. Suppose 16 = -h*g + 2*g. What is the highest common divisor of g and 1?
1
Let g(k) = 2*k**2 - 10*k + 6. Let f be 